601 = -38*w. What is the greatest common factor of 67 and w?
67
Suppose 2154 = -0*u + 2*u. Suppose u - 3947 = -10*b. Let f = b + -166. Calculate the greatest common factor of 11 and f.
11
Let p(u) = -u**3 - 3*u**2 + 2*u + 2. Let l be p(-4). Let i = -3 + l. Let x be (-792)/(-36) + 0 + 6. Calculate the greatest common divisor of i and x.
7
Let m = 3222 + -3099. What is the greatest common divisor of m and 1517?
41
Let j be 6 - (-312)/(-54) - 0 - 33008/(-18). What is the highest common factor of j and 42?
14
Suppose 22*n - 7842 = 5688. Suppose -3878 = -3*x - 2*o, -2*o + n = 2*x - 1971. What is the greatest common factor of x and 19?
19
Let a(l) = -l**3 - 13*l**2 + 14*l + 6. Let f be (42/(-8))/(6/16). Let d be a(f). Suppose 0*u - 78 = -d*u. Calculate the highest common divisor of 104 and u.
13
Let p(q) = -10*q - 60. Let k be p(-6). Suppose -4*u + 5*y + 1853 = k, 0 = -3*u - 2*u - 2*y + 2308. Calculate the highest common divisor of u and 42.
42
Let x be (-11)/(-4 - -15)*(6/(-2))/1. Calculate the highest common divisor of 141 and x.
3
Suppose 3*p - 18 = 3*l - 0*l, -3*p - 2*l = -28. Suppose 6*k = p*k - 8. Let n be (k/10)/(2/180). Calculate the greatest common factor of n and 9.
9
Let y = -205 + 78. Let u = y - -144. Calculate the greatest common factor of u and 68.
17
Let x be (11 - 2)/((17/4)/17). Let g(w) = -25*w - 10. Let o be g(-4). Calculate the greatest common factor of x and o.
18
Suppose 3*b - 45284 = 5*j, -4*j + 49903 = 5*b - 25521. What is the highest common divisor of 46 and b?
46
Let u(a) = 3 + 2*a + 16*a + a**3 - 18*a**2 - 6. Let j be u(17). Suppose -3*r = 2*r - 280. Calculate the highest common factor of j and r.
14
Let z(c) = -3*c**2 - 9*c**2 + 1 - 4*c + 22*c**2 - 7*c**2. Suppose -2*f + f + 4 = 0. Let g be z(f). What is the highest common divisor of g and 3?
3
Let w be (343/(-294) - (-1)/2)*-2583. Calculate the greatest common divisor of w and 168.
42
Suppose 13648*a - 46530 = 13630*a. Calculate the greatest common factor of 275 and a.
55
Let b(i) = -362*i - 2200. Let y be b(-13). What is the highest common factor of y and 14?
14
Suppose 226*h - 2147 = 5373 - 1192. What is the highest common divisor of h and 2996?
28
Let m be (46/(-6) + 8)*651/1. Calculate the highest common factor of m and 35.
7
Suppose -45 = -10*u + 195. Suppose 0 = 31*r - 15*r - 96. Calculate the greatest common factor of r and u.
6
Let j be (0/(-2))/(-1 + -3). Suppose 0 = -4*m + 3*f + 25, 2*m + 2*f + j*f - 2 = 0. Let o be 36*m/8*2. Calculate the highest common factor of o and 4.
4
Suppose -123 = -4*q + 221. Let r(c) = 7*c**2 - 63*c + 269. Let v be r(4). What is the highest common factor of q and v?
43
Let s(v) = 763*v - 220. Let l be s(8). Calculate the highest common divisor of l and 4.
4
Let j be 11/((-22)/(-64)) - (18 + -22). What is the greatest common divisor of j and 918?
18
Suppose 3*r - 11*r = 80. Let u be (-24)/r + (-4)/10. Suppose 5*h = h - 12, u*o - 5*h = 345. What is the highest common divisor of 15 and o?
15
Suppose -46 + 1206 = 5*d. Let g(p) = -2*p**3 + 25*p**2 - 23*p + 190. Let r be g(12). What is the highest common factor of r and d?
58
Let m(h) = 2*h**2 - 25*h - 2. Let k be m(-6). Suppose -13*b + 2*b + k = 0. Suppose 0 = 25*y - b*y - 225. What is the highest common factor of 60 and y?
15
Suppose 0 = -3*j + t - 677, 8*t - 3*t = 25. Let f = -172 - j. What is the greatest common divisor of f and 182?
26
Let v(k) = -k**3 - 26*k**2 + 26*k + 27. Let g be v(-27). Let x(f) = f**2 - 6*f - 4. Let y be x(7). Calculate the highest common divisor of g and y.
3
Suppose -5*j + 1530*q = 1533*q - 1712, 4*j - 1340 = 5*q. What is the highest common divisor of 578 and j?
34
Let p be 1 - (-1 - 10) - (1 - 3). Suppose 0 = 2*q + 2*x - 840, -3*q + 4*x + 1260 = x. Calculate the highest common factor of q and p.
14
Suppose -220 = -g + 2*m, 2*m = -1561*g + 1567*g - 1300. Let j(a) = a**3 - 8*a**2 + 8*a + 5. Let v be j(7). Calculate the highest common factor of v and g.
12
Let u(d) = 2076*d - 1402. Let p be u(2). Calculate the highest common factor of p and 22.
22
Let a(h) = -32*h + 13. Let j be a(-2). Calculate the highest common divisor of j and 396.
11
Let p = 12712 - -2429. What is the greatest common divisor of 98 and p?
49
Let s be 55/(0 - (-5)/(-15))*(-192)/60. What is the highest common divisor of s and 2?
2
Suppose 1376*n = 1328*n + 16512. Calculate the greatest common factor of n and 1247.
43
Suppose 37*h - 364721 - 626768 = 0. Calculate the greatest common divisor of 127 and h.
127
Suppose 0 = 2*q - 195 + 63. Let d be 49/3*(-2 - (-1 - 4)). Let g be 88*(d/(-14) + 4). Calculate the greatest common factor of q and g.
22
Let q(p) = -1. Let g(n) = 7*n**2 + 8*n - 5. Let j(w) = g(w) - 5*q(w). Let k be j(-4). Calculate the highest common divisor of k and 10.
10
Let q = 4253 - -1879. Calculate the greatest common divisor of q and 21.
21
Let h(j) = 2*j**2 + 53*j - 25. Let u be h(-27). Suppose -12*t = u*t - 126. What is the highest common factor of t and 2?
1
Let l = 22 - 21. Let u be 196/16 + (l - (-36)/(-16)). Suppose 33 = -4*b + 7*b. Calculate the highest common divisor of b and u.
11
Let f = -15304 + 22376. Calculate the greatest common divisor of 16 and f.
16
Suppose 144*w - 105 = 137*w. Suppose -w*s - 342 = -16*s. What is the highest common factor of s and 18?
18
Suppose 110*b = 88*b + 461 + 309. What is the highest common factor of b and 651?
7
Let g(s) = s**3 + 2*s**2 - s + 2. Let j be g(3). Let k(x) = 6*x**2 + 2*x + 5. Let o be k(2). Calculate the highest common divisor of o and j.
11
Let j(r) = -4*r - 188. Let h be j(-47). Suppose h = 5*p + 422 - 1157. What is the greatest common divisor of p and 105?
21
Let j be 4/(-14) - 138/(-42). Suppose 3*x = -3*l + 6*x + 270, -j*l = -2*x - 268. What is the highest common factor of 8 and l?
8
Let v(z) = z. Let a(p) = -88*p - 8. Let k(i) = a(i) + 16*v(i). Let m be k(-5). Calculate the highest common factor of 8 and m.
8
Let w be -6 + -11 + (-213)/(-3). Calculate the greatest common divisor of w and 3105.
27
Suppose 607 = 3*i - 5*r, -r - 648 = -3*i - 37. Let a(w) = -4*w**3 + 40*w**2 + 56*w - 81. Let z be a(11). Calculate the highest common factor of i and z.
51
Let i = 1822 - -3075. Calculate the highest common factor of 59 and i.
59
Let t(h) = -2*h**3 + 113*h**2 + 32*h + 1471. Let w be t(57). What is the greatest common divisor of 575 and w?
23
Suppose 14070*z + 2667 + 985 = 14402*z. Suppose -954 = -3*v - w, w + 136 = 3*v - 824. Calculate the highest common divisor of z and v.
11
Let g = -4196 - -7326. What is the greatest common divisor of 20 and g?
10
Let b be ((-11858)/(-196))/(2*2/72). Calculate the greatest common divisor of b and 11.
11
Let d = -25561 - -25587. Calculate the greatest common divisor of 24622 and d.
26
Suppose -27 = -t - 3. Let g(l) = l**2 + 17*l - 54. Let d be -24 - ((-18)/4)/(27/(-18)). Let y be g(d). What is the highest common divisor of t and y?
24
Let d(b) = 7*b**2 - 23*b - 15. Let y be d(-5). Calculate the highest common factor of 242 and y.
11
Let h = 2403 + -2107. Calculate the highest common divisor of h and 407.
37
Let y be (14/(-5) - -1) + (-2)/10. Let k be (0/(2 - 1))/(-3 - y). Suppose -3*f + 21 + 78 = -3*g, g + 1 = k. What is the greatest common divisor of f and 4?
4
Let n(h) = 26*h**2 - 462*h - 9. Let i be n(18). Calculate the greatest common divisor of 88 and i.
11
Let r be -42*((-3)/(-7) - (-8)/112). Let n be (-3 - 0) + r/1*-1. Suppose -18 = 26*o - 27*o. Calculate the highest common divisor of n and o.
18
Suppose 6*r - 50*r + 10098 = 58*r. Calculate the greatest common divisor of 318 and r.
3
Let c(u) = u**3 + 5*u**2 - u - 3. Let f be c(-3). Suppose j - 4*j + f = 0. Let h = j + 3. Calculate the highest common divisor of h and 6.
3
Suppose 12*l = -3*l + l + 6552. What is the highest common factor of l and 2496?
156
Let u = -3511 + 20100. What is the highest common divisor of 53 and u?
53
Let k(j) = -j**3 - 5*j**2 - 101*j - 769. Let w be k(-7). Calculate the greatest common factor of 2364 and w.
12
Let n = -451 + 483. Let o = 167 - n. Calculate the greatest common divisor of 108 and o.
27
Let w(z) be the first derivative of 1/3*z**3 - 2*z**2 - 9*z + 10. Let k be w(-4). What is the greatest common divisor of 69 and k?
23
Let z be -1092*(13 + (8 - 1224/56)). What is the greatest common factor o